{"id":9,"date":"2023-01-18T14:15:09","date_gmt":"2023-01-18T13:15:09","guid":{"rendered":"https:\/\/parcoursdesdames.wordpress.com\/home-2\/"},"modified":"2023-05-24T16:05:02","modified_gmt":"2023-05-24T16:05:02","slug":"home-2","status":"publish","type":"page","link":"https:\/\/parcoursdesdames.fr\/","title":{"rendered":"Accueil"},"content":{"rendered":"\n<p><\/p>\n\n\n\n<p class=\"has-text-align-center has-ast-global-color-4-color has-text-color has-medium-font-size\"><em>Partez \u00e0 la d\u00e9couverte de femmes qui ont marqu\u00e9 l&rsquo;histoire de l&rsquo;Indre <\/em><br><em>en suivant des chemins \u00e0 travers la campagne berrichonne. <\/em><\/p>\n\n\n\n<div class=\"wp-block-columns is-layout-flex wp-container-core-columns-is-layout-28f84493 wp-block-columns-is-layout-flex\">\n<div class=\"wp-block-column is-layout-flow wp-block-column-is-layout-flow\">\n<figure class=\"wp-block-image size-full\"><a href=\"https:\/\/parcoursdesdames.fr\/index.php\/le-parcours\/\"><img loading=\"lazy\" decoding=\"async\" width=\"1024\" height=\"682\" src=\"https:\/\/parcoursdesdames.fr\/wp-content\/uploads\/2023\/05\/accueil_parcours.png\" alt=\"\" class=\"wp-image-902\" srcset=\"https:\/\/parcoursdesdames.fr\/wp-content\/uploads\/2023\/05\/accueil_parcours.png 1024w, https:\/\/parcoursdesdames.fr\/wp-content\/uploads\/2023\/05\/accueil_parcours-299x199.png 299w, https:\/\/parcoursdesdames.fr\/wp-content\/uploads\/2023\/05\/accueil_parcours-768x512.png 768w\" sizes=\"auto, (max-width: 1024px) 100vw, 1024px\" \/><\/a><\/figure>\n<\/div>\n\n\n\n<div class=\"wp-block-column is-layout-flow wp-block-column-is-layout-flow\">\n<figure class=\"wp-block-image aligncenter size-full is-resized\"><a href=\"https:\/\/parcoursdesdames.fr\/index.php\/dames\/\"><img loading=\"lazy\" decoding=\"async\" src=\"https:\/\/parcoursdesdames.fr\/wp-content\/uploads\/2023\/05\/accueil_dames.png\" alt=\"\" class=\"wp-image-901\" width=\"1024\" height=\"684\" srcset=\"https:\/\/parcoursdesdames.fr\/wp-content\/uploads\/2023\/05\/accueil_dames.png 1024w, https:\/\/parcoursdesdames.fr\/wp-content\/uploads\/2023\/05\/accueil_dames-299x200.png 299w, https:\/\/parcoursdesdames.fr\/wp-content\/uploads\/2023\/05\/accueil_dames-768x513.png 768w\" sizes=\"auto, (max-width: 1024px) 100vw, 1024px\" \/><\/a><\/figure>\n<\/div>\n<\/div>\n","protected":false},"excerpt":{"rendered":"<p>Partez \u00e0 la d\u00e9couverte de femmes qui ont marqu\u00e9 l&rsquo;histoire de l&rsquo;Indre en suivant des chemins \u00e0 travers la campagne berrichonne.<\/p>\n","protected":false},"author":1,"featured_media":0,"parent":0,"menu_order":0,"comment_status":"closed","ping_status":"closed","template":"","meta":{"site-sidebar-layout":"default","site-content-layout":"default","ast-global-header-display":"","ast-banner-title-visibility":"","ast-main-header-display":"","ast-hfb-above-header-display":"","ast-hfb-below-header-display":"","ast-hfb-mobile-header-display":"","site-post-title":"disabled","ast-breadcrumbs-content":"","ast-featured-img":"","footer-sml-layout":"","theme-transparent-header-meta":"","adv-header-id-meta":"","stick-header-meta":"","header-above-stick-meta":"","header-main-stick-meta":"","header-below-stick-meta":"","footnotes":""},"class_list":["post-9","page","type-page","status-publish","hentry"],"_links":{"self":[{"href":"https:\/\/parcoursdesdames.fr\/index.php\/wp-json\/wp\/v2\/pages\/9","targetHints":{"allow":["GET"]}}],"collection":[{"href":"https:\/\/parcoursdesdames.fr\/index.php\/wp-json\/wp\/v2\/pages"}],"about":[{"href":"https:\/\/parcoursdesdames.fr\/index.php\/wp-json\/wp\/v2\/types\/page"}],"author":[{"embeddable":true,"href":"https:\/\/parcoursdesdames.fr\/index.php\/wp-json\/wp\/v2\/users\/1"}],"replies":[{"embeddable":true,"href":"https:\/\/parcoursdesdames.fr\/index.php\/wp-json\/wp\/v2\/comments?post=9"}],"version-history":[{"count":31,"href":"https:\/\/parcoursdesdames.fr\/index.php\/wp-json\/wp\/v2\/pages\/9\/revisions"}],"predecessor-version":[{"id":1070,"href":"https:\/\/parcoursdesdames.fr\/index.php\/wp-json\/wp\/v2\/pages\/9\/revisions\/1070"}],"wp:attachment":[{"href":"https:\/\/parcoursdesdames.fr\/index.php\/wp-json\/wp\/v2\/media?parent=9"}],"curies":[{"name":"wp","href":"https:\/\/api.w.org\/{rel}","templated":true}]}}